2 + 20*o - 9. Let q be x(5). What is the greatest common factor of 20 and q?
20
Let g(z) = -z**2 + 8*z. Let j be g(7). Let d be 27*(-1 + j + -4). Let s = 12 - 6. Calculate the highest common factor of s and d.
6
Let n be (96/(-18))/(30/(-3285)). Calculate the greatest common factor of 511 and n.
73
Let c(t) = -2*t**3 + 58*t**2 + 23*t - 56. Let s be c(29). Calculate the greatest common divisor of 47 and s.
47
Suppose 2*d - 2*m - 32 = 6, 4*d - 80 = 5*m. Suppose 3*c - 36 = c. Suppose 3*k = 4*r + c, -4*k - r + 24 = -5*r. What is the highest common divisor of d and k?
3
Let m be -21 + 36 - (-5 + (1 - 1)). Let l = 3 + -1. What is the greatest common factor of l and m?
2
Suppose 4*i + 3*r - 14 = 5*r, 3*i = -3*r - 3. Suppose 3*q + i*h + 8 = 28, 42 = 5*q - h. Calculate the highest common divisor of 8 and q.
8
Suppose 19*v - 2610 = 4990. What is the greatest common factor of 50 and v?
50
Suppose -2*g = -3*t + 9, 3*t = -0*t + 9. Let y be -3 + g/(-1) + 2 + 15. Let a = -61 + 103. What is the greatest common factor of y and a?
14
Let a be 20*(369/(-82) + (1 - -4)). Let s(f) = 1 - f**3 - f**2 + 0*f - 2*f**2 + 3*f. Let j be s(-4). What is the highest common factor of j and a?
5
Suppose 0 = 3*h - 343 + 58. Let u = -288 + 172. Let i = -78 - u. Calculate the greatest common factor of i and h.
19
Suppose -1220 = -2*h + 5*x - 0*x, -1812 = -3*h + 3*x. What is the greatest common factor of h and 24?
24
Let o be 217 + (-2 + 5)*1. Suppose 5*f - 5*n = 90, -3*n + 65 = 3*f - 1. What is the greatest common factor of f and o?
20
Let r = -51 + 51. Let j be (-4)/(-5) + 311/5 + r. Calculate the greatest common divisor of j and 84.
21
Let a(b) = 98*b**2 - 18*b + 41. Let z be a(5). What is the greatest common factor of 7 and z?
7
Suppose -206*j + 98 = -199*j. What is the highest common divisor of 595 and j?
7
Suppose 2*r - r + 26 = 0. Let f be (-8)/(-3) + r/39. What is the highest common factor of 3 and f?
1
Let y(p) = 4*p - 6. Let k(a) = a**3 - 9*a**2 + 10*a - 12. Let s be k(8). Let l be y(s). Let i be 6/l + 336/40. Calculate the greatest common factor of i and 81.
9
Let g = 8464 - 8438. Suppose 0 = 3*z + 2 - 8. What is the greatest common factor of g and z?
2
Let v = -11 - -11. Suppose v = -5*x - 58 + 163. Let k be x*(-2 + 15/3). What is the greatest common divisor of k and 42?
21
Let r(o) = 4*o + 9. Let k be r(-4). Let v = 19 - k. Let x be (v/(-12))/((-14)/84). What is the greatest common divisor of x and 65?
13
Let w be 0 + 4/14 - 2082/(-14). Suppose 4*h = 2*k + 746, 5*k = -3*h - w + 741. What is the greatest common divisor of h and 9?
9
Let g = 230 + -215. What is the greatest common divisor of g and 60?
15
Suppose a + 81 = 2*i, 54 = 6*i - 5*i - 5*a. Let t be (-21 - 1)/(-1 - -2). Let u = i + t. Calculate the highest common factor of u and 153.
17
Suppose -4*x + 36 = -124. What is the highest common divisor of 65 and x?
5
Suppose b - 37 = -3*d, 4*d + 4*b = b + 41. Suppose d*c = 11*c + 21. Calculate the highest common factor of c and 14.
7
Let z be (307 - (8 + -4)) + 2*-2. Let p = 486 - z. What is the greatest common factor of 17 and p?
17
Suppose -1 - 9 = -2*a. Let f be (42/4)/(((-297)/90)/(-11)). What is the greatest common divisor of f and a?
5
Suppose 3*j + 11 = 4*j. Let r be (32/(-40))/((-6)/(-15))*-44. Calculate the highest common divisor of j and r.
11
Suppose -4*a - 1 = 2*q - 19, -2*a - 5*q + 21 = 0. Suppose -a*y + 6 = -y. Suppose 4*b = y*b + 3, -4*b = 2*r - 72. What is the greatest common factor of 6 and r?
6
Let b(a) = a**3 + a**2 - a + 4. Let r be b(2). Let s(u) = -3*u**2 + 5*u - 3. Let i be s(3). Let y = -13 - i. What is the greatest common factor of y and r?
2
Let z(g) = g**3 + 7*g**2 + 3*g + 37. Let d be z(-7). Calculate the greatest common divisor of 56 and d.
8
Let k(l) = -l**3 + 7*l**2 - 13*l + 8. Let p be k(5). Let z = p + 11. Calculate the highest common factor of 24 and z.
4
Let k(u) = u - 1. Let o be k(2). Let s(p) = 19 - 9*p**2 - 18*p**2 + 13*p + p**3 + 2 + 12*p**2. Let w be s(14). Calculate the greatest common factor of w and o.
1
Let g(v) = -22*v - 7. Suppose 3*z + 32 = -6*n + n, -3*z = -3*n. Let h be g(n). Let c be (-9)/(-3)*3/1. What is the greatest common divisor of c and h?
9
Suppose 2*s + 4*d = 212, 2*s + 560 = 7*s - 5*d. Calculate the greatest common factor of 30 and s.
10
Let l = -541 + 548. Calculate the greatest common divisor of 28 and l.
7
Let m = -16 - -6. Let d = m - -10. Suppose d*a - 3*a + 24 = 0. What is the highest common factor of a and 1?
1
Let y be 26 - (-4 - (1 + -3)). Suppose -4 - y = -b. Suppose 3*f + 5 - 29 = 0. Calculate the highest common divisor of f and b.
8
Let g(a) = -6*a - 50. Let u be g(-11). Calculate the greatest common factor of 64 and u.
16
Suppose -13*x + 312 = 26*x. Calculate the greatest common divisor of 80 and x.
8
Let p(l) = -l**3 - 17*l**2 + 2*l + 38. Let b be p(-17). Calculate the highest common divisor of 20 and b.
4
Suppose -1633 + 8401 = 9*h. Calculate the highest common divisor of 32 and h.
16
Suppose 0 = -5*m + 23 + 2. Suppose 609 = -2*b + m*b. Suppose 2*c + q = -3*c + b, 2*c - 92 = -4*q. Calculate the greatest common factor of 5 and c.
5
Let g(i) = i**3 + 13*i**2 - 16*i - 26. Let w be g(-14). Let h be (w/(-3) - -1)/(61/183). Calculate the greatest common factor of 4 and h.
1
Let d be 306/12 + ((-20)/(-8) - 2). Calculate the greatest common divisor of d and 91.
13
Let g = 267 - 165. Calculate the highest common factor of g and 34.
34
Suppose 10264 = 5*o - 2*p, -4*o + 8806 = -4*p + 602. What is the greatest common factor of o and 26?
26
Suppose -1 = -k, 5*i + 5*k - 450 = 10*k. What is the highest common divisor of 21 and i?
7
Let f(z) = z + 17. Let g be f(-6). What is the highest common factor of g and 1?
1
Let l(g) = g**2 - 19*g + 26. Let n = -37 - -56. Let a be l(n). Calculate the greatest common divisor of 52 and a.
26
Let l be 1/(-9) - (212/(-36))/(-1). Let c be (-345)/l + (-11)/22. Suppose 4 + 34 = b. What is the highest common divisor of c and b?
19
Suppose -28 = -5*i + c, 0 = 2*i - 0*c - c - 13. Suppose -5*r + 60 - i = 0. Let o be 0/2 - (-89 - -1). Calculate the highest common factor of o and r.
11
Let g = 32 + -28. Suppose -2*x + 140 = 5*o - 4*x, -g*o = 3*x - 112. Calculate the highest common divisor of o and 7.
7
Let n(g) = -g**3 + 3*g**2 + 2*g - 4. Let s be n(2). Let m be s + 0 + (9 - 9). What is the greatest common divisor of m and 20?
4
Suppose -u + 2*u = -4*q + 51, -4*u = q + 6. What is the highest common factor of q and 126?
14
Suppose -s + 98 = -3*s. Let k = -18 - s. What is the greatest common factor of k and 248?
31
Let m = -31 + 1110. What is the highest common factor of 83 and m?
83
Suppose -3*d + 108 = 3*s, -29 = -s - 4*d + 19. Suppose -s*p + 195 = -27*p. What is the greatest common divisor of 52 and p?
13
Suppose -4*q - 5*k + k + 28 = 0, 4*q + 5*k - 25 = 0. Calculate the greatest common divisor of q and 190.
10
Suppose 0 = -5*k + 483 - 183. Let y(d) = -d + 30. Let v be y(15). What is the greatest common factor of v and k?
15
Let r be 2/(((-4)/888)/((-3)/9)). Calculate the greatest common factor of 4 and r.
4
Suppose 4*l - 552 = 3*f, -f = -0*l - 2*l + 274. Calculate the highest common factor of 18 and l.
9
Let k be (2 - -2) + (-3)/(-1). Suppose k*t - 6*t = 10. Suppose 3*x = 14 + t. Calculate the greatest common factor of 8 and x.
8
Suppose -2*o + 3*o - 5*n - 203 = 0, -n = 1. Let u = -291 + 309. What is the highest common factor of u and o?
18
Suppose 0 = 10*j + 710 - 2530. Calculate the highest common factor of j and 26.
26
Suppose -2*g = -4*r + g + 15, -5*r + 4*g + 18 = 0. Calculate the greatest common divisor of r and 27.
3
Suppose 0*a + 4*a + 20 = 0, -4*f - 4*a + 520 = 0. Let t be ((-36)/(-10))/((-3)/45). Let i = f + t. Calculate the greatest common divisor of i and 9.
9
Suppose 0 = 3*h - 2*n + n, 4*n = -4*h + 16. Let i(o) = 34*o + 1. Let w be i(h). Calculate the greatest common factor of 14 and w.
7
Suppose 25*p = 29*p - 4. What is the greatest common divisor of p and 1?
1
Let q be 4/(1/4 - 0). Suppose -10*i + 390 = -16*i. Let w = i + 67. Calculate the highest common factor of w and q.
2
Let s(k) = 3*k + 0*k**3 - k**3 - 27 + 5*k**2 + 9*k**2 + 5*k**2. Let d be s(19). Suppose -2*t = -8*t + d. What is the highest common divisor of t and 40?
5
Let o = -1 - -4. Let s be (2/(-2 - -